 (27 + -19)
-3
What is the value of -6 + -1 + 17 + -3 + -1?
6
Calculate (-6 - -1) + 19 + -16.
-2
Calculate 0 + -5 + 3 + -5 + 5.
-2
(-2 - -3) + 2 - (-2 + 8)
-3
What is -4 + -1 + (5 - 1)?
-1
What is the value of (0 - 3 - -9) + (-56 - -49)?
-1
Evaluate 1 - (1 - (7 - 3)).
4
Calculate 0 + 2 + -4 + 0.
-2
Evaluate -16 + 7 + 6 + 0 + -1.
-4
Evaluate 2 + -1 + 2 + 2 + -6.
-1
Evaluate (12 + -2 - 5) + -8.
-3
(4 - (8 - 6)) + 8
10
Evaluate 2 + 1 + -4 + -2.
-3
Calculate 1 + 0 + (0 - -2) - 0.
3
Evaluate 1 + -6 + (16 - (15 - 3)).
-1
Evaluate 5 - (1 + 4 + (31 - 28)).
-3
What is the value of 1 - 3 - (-4 + (0 - -7))?
-5
-5 + -4 + -12 + 28
7
5 - 9 - (-1 - 2)
-1
-3 + 4 + 1 + -3
-1
Evaluate 7 + 0 - (-7 - (-4 + -6)).
4
-1 + 9 + -5 + -1
2
What is the value of -1 + 6 + -1 + (5 - 9)?
0
Evaluate 1 - (-4 + (9 - (3 + -2))).
-3
What is the value of 1 + -1 + (-80 - -79) - -3?
2
Calculate 30 + -28 + 8 + -2 + -1.
7
Evaluate -33 + 18 - (1 - 5).
-11
What is the value of -1 - (0 + (4 - 6))?
1
What is the value of (-1 - (-13 - -6)) + -3?
3
0 + 6 + 7 + -7
6
Calculate (1 - -1) + (20 - 22).
0
What is the value of 0 - (5 + 7 + -7)?
-5
What is -2 + 2 + -2 - 3?
-5
Calculate (2 - 3) + -6 - 0.
-7
Evaluate -6 + 15 + -2 + 4 + -5.
6
What is the value of -3 + 9 + -1 + -3?
2
What is -5 - -2 - (-4 + -1)?
2
Evaluate -4 - (-2 - 0 - (-1 - -1)).
-2
4 - (0 - -2) - (1 - -4)
-3
What is the value of -4 + (-1 - -9) - (0 + 3)?
1
Evaluate -6 + 18 + 6 + -14.
4
5 + (-3 - -7) + -8 + -5
-4
What is the value of 0 - (-1 + 4 + 1)?
-4
What is the value of -27 - -21 - (-2 - 1)?
-3
Calculate -2 - (-4 - (-5 + 4)) - 3.
-2
What is 0 + -5 + (1 - -1)?
-3
Evaluate 1 + -17 + 5 + (0 - -3).
-8
What is the value of 2 + (-2 - -1 - (-24 - -16))?
9
0 + 0 + 0 + 1
1
Evaluate (6 - 9) + 1 - (1 + -3).
0
Calculate -8 + (0 - (-2 + -1)).
-5
(-6 - -13 - 3) + -8
-4
1 + (2 - (0 + 0 - -1))
2
Calculate -8 - (-7 + -7) - 4.
2
Calculate 2 + 2 + -4 + -2.
-2
Calculate 5 - (10 - (5 + 0 + -2)).
-2
What is the value of -7 + 7 - -5 - (1 - -8)?
-4
Calculate (-1 - 0 - -1) + -52 + 52.
0
Calculate -2 + (-3 - (-5 - 2)).
2
-2 + -1 + 4 + 4 + -11
-6
Calculate (3 - (2 - -8 - 6)) + 1.
0
Calculate 7 + -5 + (1 - (13 + -5)).
-5
Evaluate -8 + (1 - -8) + -2.
-1
1 - (5 + (-9 + 1 - -5))
-1
What is -2 + -2 + 4 + -4?
-4
Evaluate -3 - (1 + (11 - 10)).
-5
4 + 0 - (-1 - -9)
-4
What is the value of -7 - 8 - -8 - (-3 + 0)?
-4
What is the value of (-1 - 8) + -1 + 6?
-4
-19 + 14 - (0 + -2)
-3
Evaluate -3 - (1 - 3 - -1) - -4.
2
What is -141 + 143 - (1 + 10)?
-9
(-4 - -1 - (0 + -3)) + -6
-6
Evaluate 3 - (7 + 4) - -3 - -6.
1
Calculate 1 - ((4 - -2) + -3).
-2
What is the value of 3 - 14 - (19 + -9 + -15)?
-6
3 - (4 + -1 - (-1 - 2))
-3
-11 - (-10 - (-7 - 2))
-10
Calculate 6 - ((5 + 2 - 5) + 0).
4
What is the value of (1 - (0 + 0)) + 4?
5
Calculate (-22 + 0 - -5) + 7 + 7.
-3
Calculate -1 + -2 + -2 + 7 - 0.
2
Evaluate 1 + -2 + (-2 - 4 - 2).
-9
Calculate 2 + -2 + (3 - 4) + 1.
0
1 + -10 - -5 - -8
4
What is the value of -8 - (8 + 1 + -15)?
-2
What is 4 + (-11 - -6 - -1) + 4?
4
What is 67 + -66 + -1 + 3?
3
0 + (0 - 1) - (-34 - -39)
-6
Calculate -3 + 10 + -3 + 0 + -3.
1
Calculate -8 - (-6 + -9 + 11).
-4
Calculate 4 + (2 - ((12 - 6) + 0)).
0
Calculate (10 - 6) + (1 - 1).
4
(1 + 5 + -1 - 8) + -2
-5
Evaluate 25 + -27 - ((1 - 1) + 1).
-3
-1 + 8 + (27 - 37)
-3
What is -6 + 2 - 0 - 1?
-5
What is the value of (5 + -1 - -8) + -8?
4
Evaluate -2 + 0 - (4 + -10 + 4).
0
What is -1 - (5 + -1 - 9)?
4
Calculate -6 - (-3 - -1) - (2 + -1).
-5
0 - (1 + -4 - (6 + -11))
-2
-4 + (5 - 0 - -3)
4
Evaluate -5 + (2 + 9 - (-11 + 10)).
7
What is the value of 4 - (8 - (-1 + 1))?
-4
What is (31 - 24) + (-6 - 0 - -1)?
2
10 - (9 + 10) - -7
-2
Calculate 4 + -8 + 4 + -1.
-1
Calculate 7 - (7 - -7) - -10.
3
Calculate -1 - 5 - (-5 + -6 - -12).
-7
What is -1 - (-2 - (6 - 9))?
-2
What is (-6 + 10 - 1) + 2?
5
7 + (-12 + 4 - -4 - -2)
5
What is the value of 2 + 6 + -3 + 0?
5
What is the value of (-3 - -4) + 0 + 3 + -1?
3
Calculate (0 + 1 + 4 - 11) + 11.
5
0 + -2 + (4 - (-2 - -3))
1
What is the value of 2 + 1 + (-14 - (-7 + 5))?
-9
Evaluate -3 + (1 - 1) + (3 - 1).
-1
What is (-6 + 7 - -3) + 1 + 0?
5
What is (-8 - -15) + 3 + -1 + -4?
5
-1 + 5 + -5 + 5 + -5
-1
0 - (6 + (3 - 5)) - -7
3
Evaluate -4 + (5 - 8) - -4.
-3
Evaluate 3 - (4 + -4 - -1 - 3).
5
What is 7 - (-3 + -4 + 5 - -6)?
3
What is the value of (-3 + -7 - -6) + 4?
0
Evaluate -3 + (-4 - -2 - -6).
1
What is (-1 - -4) + -2 + 3 - 4?
0
What is the value of (0 - -1) + 2 + -5?
-2
Evaluate -1 + (-4 - 0) - -1 - 0.
-4
Calculate -6 - (-10 + 11 + -12).
5
Calculate 1 + -4 - (76 - 79).
0
Evaluate 5 + (-2 - -6) + (-1 - 6).
2
What is -16 + 1 + (0 - -6) + 1?
-8
What is the value of 1 - ((3 - 0) + -7)?
5
Calculate 0 + 0 - 1 - (-6 + 0).
5
What is -33 - -46 - (-1 - -9)?
5
What is (0 - 2) + (-4 - (0 - 3))?
-3
What is the value of 11 + -2 - (-1 - -1)?
9
-2 - (6 + -4 + 8 - 3)
-9
Calculate -20 - -13 - (-2 - (-1 + 0)).
-6
-4 + (-1 + 3 - -5)
3
Calculate -3 - (-4 + -3 + 4 + 4).
-4
What is the value of (-5 - (-11 - -4)) + 4 + -2?
4
What is the value of -10 + 19 + 3 + -11?
1
5 + -4 + 6 + -3
4
What is the value of (2 - 0) + (52 - 53)?
1
What is the value of (-3 - 0) + -1 - -2?
-2
Calculate (6 - (0 - -11)) + 2 + 5.
2
(-8 - -7) + 0 + 4 + -3
0
Calculate -6 - ((-10 - -1 - -3) + -6).
6
Evaluate -2 + -1 - (11 - 11).
-3
What is the value of 2 + 2 + -1 + 2 - 3?
2
(-1 - 0 - (-6 + 1)) + -2
2
Evaluate -5 - 0 - (52 - 56).
-1
Calculate -2 + 3 + -4 - (-1 - -1).
-3
What is the value of 5 + -2 + -3 + (-1 - -5)?
4
What is the value of -1 - ((-2 - 11) + 4)?
8
What is the value of 2 + 4 + -6 - (5 + -1)?
-4
1 + (-6 - (6 - 8))
-3
Calculate -16 + 13 + 0 + 1.
-2
What is the value of -2 + 3 - 2 - (45 - 52)?
6
What is (-1 - 0) + 5 + 13 + -24?
-7
Calculate 2 - 3 - ((-10 - -3) + 3).
3
What is 216 - 226 - (-3 + 0)?
-7
Calculate (-1 - 0) + 11 + (75 - 80).
5
Calculate 5 - (8 + -3 - 3).
3
-2 - (-5 + 5 + -4 - 0)
2
-9 - -1 - (-9 - -4)
-3
Evaluate -14 + -5 + 9 + 10.
0
Evaluate (-1 - -4 - (-1 + 0)) + -8.
-4
What is the value of -4 + 8 + (8 - 13) + 4?
3
What is the value of -7 + 14 - (3 + -2)?
6
Calculate 8 - (-5 - (-9 + 2)).
6
Calculate 1 - (6 + 8 - 10).
-3
Evaluate 9 - (6 + 12) - -12.
3
Evaluate (0 - -5) + 2 + -5.
2
What is 0 + (-5 - -4) + 1 - 3?
-3
Calculate 47 - 44 - (0 + 1).
2
Calculate 3 - ((4 - -15) + -12).
-4
Calculate 1 - -2 - (29 - 20).
-6
Calculate -8 - (-1 + -9) - (-1 + 5).
-2
Calculate 5 - (-7 + 25 + -10).
-3
Evaluate (-14 - (-15 - 5)) + 2.
8
What is 2 + 0 + (0 - (-10 - -17))?
-5
Calculate 2 - (-2 - (-5 + 1) - -4).
-4
What is 2 + -7 + (-1 - (-1 + -1))?
-4
What is the value of (2 - 2) + (3 - (1 - 2))?
4
(14 - (-14 - -49)) + 15
-6
Calculate (-2 - (2 + 1)) + 0.
-5
Calculate -2 + (5 + -11 + 6 - -1).
-1
Evaluate -9 + 5 + (3 - -2).
1
What is 4 + 3 - -1 - 4?
4
-7 + 7 + (-3 - 3) - -4
-2
What is (5 + 1 - 9) + -1?
-4
What is 2 + 1 + -2 + -52 + 49?
-2
Calculate 11 + -13 + (10 - 2).
6
2 + 1 - (-23 - -26)
0
Evaluate -6 + (11 + -1 + -5 - 0).
-1
What is 3 + -10 + 4 - (12 - 12)?
-3
Calculate -3 + -2 - (3 - 1 - 4).
-3
What is (55 - 64) + (7 - -1)?
-1
Evaluate (-1 - -8) + -9 + (4 - -2).
4
Calculate (-7 + 9 - (-7 + -1)) + -2.
8
Calculate -11 + 1 - -6 - -1.
-3
What is -9 + 14 - (-4 + 1)?
8
-7 - -6 - (-1 - -5)
-5
What is 6 - -2 - (4 + -2) - 4?
2
What is 0 + -8 - (-7 - -4)?
-5
What is the value of -1 + 4 + -1 + -1 + 2?
3
What is 0 + -2 - (-2 + 5)?
-5
What is 4 + (-3 - (-2 + 3 + 0))?
0
Calculate 4 + 0 + (11 - 4) + -6.
5
What is the value of -9 + (4 - 2) - -7?
0
What is the value of 1 - -3 - 0 - (-7 + 15)?
-4
Evaluate -4 + -1 + (173 - 159).
9
What is the value of (2 - -2) + (1 - 5)?
0
(19 - (-2 - -10)) + -8
3
Calculate (6 - 1) + 7 + -17 + -1.
-6
-4 - ((0 - 0) + -2)
-2
Evaluate 4 - ((4 - 1) + -7).
8
What is 1 - 2 - 0 - (0 - -2)?
-3
What is 14 - (-14 - -22) - (12 + -1)?
-5
What is -1 + 5 + -3 + 3 + -2?
2
What is the value of (-3 + 4 - 3) + 7 + -2?
3
(5 - 4) + -2 - (6 - 11)
4
Calculate 1 + (-5 - (1 - 4)).
-1
What is the value of 3 + 1 + 2 + -4 + 1?
3
-7 - -2 - (5 + -3)
-7
What is 4 + (4 - 11) + 0?
-3
Evaluate 2 + (12 - 7) - 6.
1
What is -5 - (3 + 1 + (12 - 18))?
-3
What is the value of -42 - -51 - (2 + -1 + 0)?
8
What is the value of 7 + -8 + (2 - 1) - -5?
5
What is 2 + 3 + (-11 + 1 - -1)?
-4
What is the value of 0 + -3 + (-8 - 0 - -7)?
-4
1 - 5 -